{"id":97030,"date":"2026-02-15T19:47:24","date_gmt":"2026-02-15T16:47:24","guid":{"rendered":"https:\/\/benerly.com.tr\/urun\/kadin-bisiklet-yaka-kisa-kol-regular-kalip-pijama-takimi-fonksiyonel-dayanikli-sik-0-pamuk-2\/"},"modified":"2026-02-26T16:53:12","modified_gmt":"2026-02-26T13:53:12","slug":"kadin-bisiklet-yaka-kisa-kol-regular-kalip-pijama-takimi-fonksiyonel-dayanikli-sik-0-pamuk-2","status":"publish","type":"product","link":"https:\/\/benerly.com.tr\/?product=kadin-bisiklet-yaka-kisa-kol-regular-kalip-pijama-takimi-fonksiyonel-dayanikli-sik-0-pamuk-2","title":{"rendered":"Kad\u0131n Bisiklet Yaka K\u0131sa Kol Regular Kal\u0131p Pijama Tak\u0131m\u0131 Fonksiyonel Dayan\u0131kl\u0131 \u015e\u0131k 0 Pamuk"},"content":{"rendered":"<p>Bu iki par\u00e7al\u0131 pijama tak\u0131m\u0131, %100 pamuk kuma\u015f\u0131yla g\u00fcn boyu s\u00fcren bir rahatl\u0131k sunar.; \u00d6rme dokusu ve regular kal\u0131b\u0131, hareket \u00f6zg\u00fcrl\u00fc\u011f\u00fcn\u00fcz\u00fc k\u0131s\u0131tlamadan evdeki zaman\u0131n\u0131z\u0131 keyifli hale getirir.; \u00dczerindeki e\u011flenceli \u00e7izgi film bask\u0131s\u0131, tak\u0131m\u0131n cool ve konforlu persona&#8217;s\u0131n\u0131 tamamlar.; Bu pijama tak\u0131m\u0131, ev giyimi koleksiyonunuzun vazge\u00e7ilmez bir par\u00e7as\u0131 olacak.; Dokuma tipi 30\/1 openend s\u00fcprem, kuma\u015f\u0131n yumu\u015fakl\u0131\u011f\u0131n\u0131 ve dayan\u0131kl\u0131l\u0131\u011f\u0131n\u0131 art\u0131r\u0131r.; \u00dcst k\u0131sm\u0131nda bulunan k\u0131sa kollu ti\u015f\u00f6rt ve alt k\u0131sm\u0131nda yer alan uzun pa\u00e7al\u0131 pantolon, uyumlu bir b\u00fct\u00fcnl\u00fck olu\u015fturur.; \u00dcr\u00fcn\u00fcn bisiklet yaka tasar\u0131m\u0131, g\u00fcnl\u00fck kullan\u0131ma uygun bir \u015f\u0131kl\u0131k sunarken, k\u0131sa kollu kesimi serin havalarda bile rahatl\u0131k sa\u011flar.; Regular kal\u0131p, her v\u00fccut tipine uyum sa\u011flayarak konforlu bir deneyim sunar.; Yumu\u015fak pamuklu dokusu cildinize nazik\u00e7e temas eder ve nefes alabilirli\u011fi sayesinde terlemeyi \u00f6nler.; Bu pijama tak\u0131m\u0131, evde dinlenirken veya g\u00fcnl\u00fck ev i\u015flerinizi yaparken size maksimum konforu ve \u00f6zg\u00fcrl\u00fc\u011f\u00fc sunmak i\u00e7in \u00f6zenle tasarlanm\u0131\u015ft\u0131r.; Mix bask\u0131 tekni\u011fi ile uygulanan desenler, \u00fcr\u00fcn\u00fcn estetik de\u011ferini y\u00fckseltir.; \u0130lkbahar ve sonbahar mevsimlerinde ideal olan bu pijama tak\u0131m\u0131, rahat bir ev terli\u011fi veya spor ayakkab\u0131 ile m\u00fckemmel bir uyum yakalar.; Alt\u0131na bol kesim bir e\u015fofman alt\u0131 veya rahat bir tayt ile de kombinleyebilirsiniz.; Evde ge\u00e7irdi\u011finiz zaman\u0131 daha keyifli hale getirecek bu tak\u0131m, yumu\u015fak dokusu sayesinde g\u00fcn\u00fcn yorgunlu\u011funu unutturur.; Bak\u0131m\u0131 kolayd\u0131r, uzun \u00f6m\u00fcrl\u00fc kullan\u0131m\u0131 i\u00e7in talimatlara uygun y\u0131kanmas\u0131 \u00f6nerilir.<\/p>\n","protected":false},"excerpt":{"rendered":"<p>Bu iki par\u00e7al\u0131 pijama tak\u0131m\u0131, %100 pamuk kuma\u015f\u0131yla g\u00fcn boyu s\u00fcren bir rahatl\u0131k sunar.; \u00d6rme dokusu ve regular kal\u0131b\u0131, hareket \u00f6zg\u00fcrl\u00fc\u011f\u00fcn\u00fcz\u00fc k\u0131s\u0131tlamadan evdeki zaman\u0131n\u0131z\u0131 keyifli hale getirir.; \u00dczerindeki e\u011flenceli \u00e7izgi film bask\u0131s\u0131, tak\u0131m\u0131n cool ve konforlu persona&#8217;s\u0131n\u0131 tamamlar.; Bu pijama tak\u0131m\u0131, ev giyimi koleksiyonunuzun vazge\u00e7ilmez bir par\u00e7as\u0131 olacak.; Dokuma tipi 30\/1 openend s\u00fcprem, kuma\u015f\u0131n yumu\u015fakl\u0131\u011f\u0131n\u0131 [&#8230;]\n","protected":false},"featured_media":97036,"comment_status":"open","ping_status":"closed","template":"","meta":[],"product_brand":[321],"product_cat":[763],"product_tag":[],"class_list":{"0":"post-97030","1":"product","2":"type-product","3":"status-publish","4":"has-post-thumbnail","6":"product_brand-benerly","7":"product_cat-pijama-takimi-ev-giyim-kadin-giyim","9":"first","10":"instock","11":"taxable","12":"shipping-taxable","13":"purchasable","14":"product-type-variable"},"_links":{"self":[{"href":"https:\/\/benerly.com.tr\/index.php?rest_route=\/wp\/v2\/product\/97030","targetHints":{"allow":["GET"]}}],"collection":[{"href":"https:\/\/benerly.com.tr\/index.php?rest_route=\/wp\/v2\/product"}],"about":[{"href":"https:\/\/benerly.com.tr\/index.php?rest_route=\/wp\/v2\/types\/product"}],"replies":[{"embeddable":true,"href":"https:\/\/benerly.com.tr\/index.php?rest_route=%2Fwp%2Fv2%2Fcomments&post=97030"}],"wp:featuredmedia":[{"embeddable":true,"href":"https:\/\/benerly.com.tr\/index.php?rest_route=\/wp\/v2\/media\/97036"}],"wp:attachment":[{"href":"https:\/\/benerly.com.tr\/index.php?rest_route=%2Fwp%2Fv2%2Fmedia&parent=97030"}],"wp:term":[{"taxonomy":"product_brand","embeddable":true,"href":"https:\/\/benerly.com.tr\/index.php?rest_route=%2Fwp%2Fv2%2Fproduct_brand&post=97030"},{"taxonomy":"product_cat","embeddable":true,"href":"https:\/\/benerly.com.tr\/index.php?rest_route=%2Fwp%2Fv2%2Fproduct_cat&post=97030"},{"taxonomy":"product_tag","embeddable":true,"href":"https:\/\/benerly.com.tr\/index.php?rest_route=%2Fwp%2Fv2%2Fproduct_tag&post=97030"}],"curies":[{"name":"wp","href":"https:\/\/api.w.org\/{rel}","templated":true}]}}