{"id":96986,"date":"2026-02-15T19:46:44","date_gmt":"2026-02-15T16:46:44","guid":{"rendered":"https:\/\/benerly.com.tr\/urun\/kadin-v-yaka-orgu-desenli-baglamali-uzun-kollu-regular-kalip-cepli-triko-hirka-gunluk-siklik\/"},"modified":"2026-02-27T03:27:24","modified_gmt":"2026-02-27T00:27:24","slug":"kadin-v-yaka-orgu-desenli-baglamali-uzun-kollu-regular-kalip-cepli-triko-hirka-gunluk-siklik","status":"publish","type":"product","link":"https:\/\/benerly.com.tr\/?product=kadin-v-yaka-orgu-desenli-baglamali-uzun-kollu-regular-kalip-cepli-triko-hirka-gunluk-siklik","title":{"rendered":"Kad\u0131n V Yaka \u00d6rg\u00fc Desenli Ba\u011flamal\u0131 Uzun Kollu Regular Kal\u0131p Cepli Triko H\u0131rka G\u00fcnl\u00fck \u015e\u0131kl\u0131k"},"content":{"rendered":"<p>Bu kad\u0131n triko h\u0131rka modeli regular kal\u0131b\u0131 ile her v\u00fccut tipine uyum sa\u011flayan rahat bir giyim deneyimi sunar.; K\u0131\u015f aylar\u0131n\u0131n vazge\u00e7ilmezi olan bu par\u00e7a %75 Akrilik %25 Polyester kar\u0131\u015f\u0131m\u0131 materyali sayesinde s\u0131cak tutarken ayn\u0131 zamanda yumu\u015fak bir dokunu\u015f hissi verir.; \u00dcr\u00fcn\u00fcn tamam\u0131na yay\u0131lan \u00f6rg\u00fc deseni klasik triko g\u00f6r\u00fcn\u00fcm\u00fcne modern bir hava katarken bordo rengi ile de dikkat \u00e7eker.; G\u00fcnl\u00fck kullan\u0131m i\u00e7in ideal olan bu h\u0131rka \u015f\u0131kl\u0131\u011f\u0131 ve konforu bir arada arayan kad\u0131nlar i\u00e7in tasarlanm\u0131\u015ft\u0131r.; Kaliteli dokusu ve \u00f6zenli i\u015f\u00e7ili\u011fi ile uzun s\u00fcreli kullan\u0131m vadeder.; H\u0131rkan\u0131n zarif V yaka tasar\u0131m\u0131 boyun b\u00f6lgesine ho\u015f bir a\u00e7\u0131kl\u0131k kazand\u0131r\u0131rken farkl\u0131 i\u00e7 giyim par\u00e7alar\u0131yla kolayca kombinlenebilir.; Uzun standart kol kesimi so\u011fuk havalarda ekstra koruma sa\u011flarken hareket \u00f6zg\u00fcrl\u00fc\u011f\u00fcn\u00fcz\u00fc k\u0131s\u0131tlamaz.; \u00d6n k\u0131sm\u0131nda yer alan kurdele fiyonk detaylar\u0131 h\u0131rkaya feminen ve \u00f6zg\u00fcn bir dokunu\u015f katarak ba\u011flamal\u0131 kapatma imkan\u0131 sunar.; Yanlarda bulunan kullan\u0131\u015fl\u0131 cepler k\u00fc\u00e7\u00fck e\u015fyalar\u0131n\u0131z\u0131 ta\u015f\u0131mak veya ellerinizi \u0131s\u0131tmak i\u00e7in pratik bir \u00e7\u00f6z\u00fcm sunar.; Orta kal\u0131nl\u0131ktaki triko kuma\u015f\u0131 tek plaka dokuma tekni\u011fi ile \u00fcretilmi\u015ftir bu da ona dayan\u0131kl\u0131 ve formunu koruyan bir yap\u0131 kazand\u0131r\u0131r.; Bu h\u0131rka hem evde hem d\u0131\u015far\u0131da konforlu bir kullan\u0131m sunar.; K\u0131\u015f sezonu i\u00e7in ideal olan bu kad\u0131n h\u0131rka so\u011fuk g\u00fcnlerde s\u0131cak ve stil sahibi kalman\u0131z\u0131 sa\u011flar.; \u015e\u0131k bir g\u00f6r\u00fcn\u00fcm elde etmek i\u00e7in y\u00fcksek bel bir jean pantolon veya siyah mini etek ile kombinleyebilirsiniz.; Ayakkab\u0131 olarak botlar veya spor ayakkab\u0131lar ile tamamlayarak farkl\u0131 tarzlar yaratabilirsiniz.; \u00dcr\u00fcn\u00fcn uzun \u00f6m\u00fcrl\u00fc olmas\u0131 i\u00e7in hassas programda y\u0131kanmas\u0131 ve d\u00fc\u015f\u00fck \u0131s\u0131da kurutulmas\u0131 \u00f6nerilir.<\/p>\n","protected":false},"excerpt":{"rendered":"<p>Bu kad\u0131n triko h\u0131rka modeli regular kal\u0131b\u0131 ile her v\u00fccut tipine uyum sa\u011flayan rahat bir giyim deneyimi sunar.; K\u0131\u015f aylar\u0131n\u0131n vazge\u00e7ilmezi olan bu par\u00e7a %75 Akrilik %25 Polyester kar\u0131\u015f\u0131m\u0131 materyali sayesinde s\u0131cak tutarken ayn\u0131 zamanda yumu\u015fak bir dokunu\u015f hissi verir.; \u00dcr\u00fcn\u00fcn tamam\u0131na yay\u0131lan \u00f6rg\u00fc deseni klasik triko g\u00f6r\u00fcn\u00fcm\u00fcne modern bir hava katarken bordo rengi ile [&#8230;]\n","protected":false},"featured_media":96993,"comment_status":"open","ping_status":"closed","template":"","meta":[],"product_brand":[321],"product_cat":[759],"product_tag":[],"class_list":{"0":"post-96986","1":"product","2":"type-product","3":"status-publish","4":"has-post-thumbnail","6":"product_brand-benerly","7":"product_cat-hirka-ust-giyim-kadin-giyim","9":"first","10":"instock","11":"taxable","12":"shipping-taxable","13":"purchasable","14":"product-type-variable"},"_links":{"self":[{"href":"https:\/\/benerly.com.tr\/index.php?rest_route=\/wp\/v2\/product\/96986","targetHints":{"allow":["GET"]}}],"collection":[{"href":"https:\/\/benerly.com.tr\/index.php?rest_route=\/wp\/v2\/product"}],"about":[{"href":"https:\/\/benerly.com.tr\/index.php?rest_route=\/wp\/v2\/types\/product"}],"replies":[{"embeddable":true,"href":"https:\/\/benerly.com.tr\/index.php?rest_route=%2Fwp%2Fv2%2Fcomments&post=96986"}],"wp:featuredmedia":[{"embeddable":true,"href":"https:\/\/benerly.com.tr\/index.php?rest_route=\/wp\/v2\/media\/96993"}],"wp:attachment":[{"href":"https:\/\/benerly.com.tr\/index.php?rest_route=%2Fwp%2Fv2%2Fmedia&parent=96986"}],"wp:term":[{"taxonomy":"product_brand","embeddable":true,"href":"https:\/\/benerly.com.tr\/index.php?rest_route=%2Fwp%2Fv2%2Fproduct_brand&post=96986"},{"taxonomy":"product_cat","embeddable":true,"href":"https:\/\/benerly.com.tr\/index.php?rest_route=%2Fwp%2Fv2%2Fproduct_cat&post=96986"},{"taxonomy":"product_tag","embeddable":true,"href":"https:\/\/benerly.com.tr\/index.php?rest_route=%2Fwp%2Fv2%2Fproduct_tag&post=96986"}],"curies":[{"name":"wp","href":"https:\/\/api.w.org\/{rel}","templated":true}]}}