{"id":87647,"date":"2026-02-15T17:29:24","date_gmt":"2026-02-15T14:29:24","guid":{"rendered":"https:\/\/benerly.com.tr\/urun\/kadin-bisiklet-yaka-standart-kol-regular-kalip-pijama-takimi-kaliteli\/"},"modified":"2026-02-27T03:21:08","modified_gmt":"2026-02-27T00:21:08","slug":"kadin-bisiklet-yaka-standart-kol-regular-kalip-pijama-takimi-kaliteli","status":"publish","type":"product","link":"https:\/\/benerly.com.tr\/?product=kadin-bisiklet-yaka-standart-kol-regular-kalip-pijama-takimi-kaliteli","title":{"rendered":"Kad\u0131n Bisiklet Yaka Standart Kol Regular Kal\u0131p Pijama Tak\u0131m\u0131 Kaliteli"},"content":{"rendered":"<p>Bu pijama tak\u0131m\u0131, %96 pamuk ve %4 elastan kar\u0131\u015f\u0131m\u0131ndan \u00fcretilmi\u015f \u00f6rme kuma\u015f\u0131yla hem yumu\u015fak bir dokunu\u015f hem de esnek bir kullan\u0131m sunar.; Regular kal\u0131b\u0131 sayesinde v\u00fccuda tam otururken hareket \u00f6zg\u00fcrl\u00fc\u011f\u00fcn\u00fc k\u0131s\u0131tlamaz.; \u00dcst k\u0131s\u0131mda yer alan bisiklet yaka ve standart kol detay\u0131, rahat bir kullan\u0131m sa\u011flarken, alt k\u0131s\u0131mda bulunan boru pa\u00e7a pantolon ise klasik bir g\u00f6r\u00fcn\u00fcm sunar.; \u00dcr\u00fcn, \u00fczerinde sevimli kedi desenleriyle dikkat \u00e7ekerek ev giyiminize ne\u015feli bir dokunu\u015f katar.; Bu \u00f6zel tasar\u0131m, lounge ve ev ortamlar\u0131nda konforlu vakit ge\u00e7irmeniz i\u00e7in idealdir.; \u00dcst par\u00e7a, bisiklet yaka ve uzun kollu olarak tasarlanm\u0131\u015ft\u0131r.; Standart kol kesimi, g\u00fcn boyu rahatl\u0131k sunarken, \u00f6rme kuma\u015f\u0131n yumu\u015fakl\u0131\u011f\u0131 cildinize nazik\u00e7e temas eder.; Pantolon ise normal bel ve boru pa\u00e7a kesimi ile modern bir siluet olu\u015fturur.; Elastan i\u00e7eri\u011fi sayesinde kuma\u015f\u0131n esnekli\u011fi artar, bu da hareket ederken size ekstra konfor sa\u011flar.; Mix bask\u0131 tekni\u011fiyle uygulanan kedi desenleri, tak\u0131m\u0131n enerjik ve e\u011flenceli havas\u0131n\u0131 peki\u015ftirir.; Bu pijama tak\u0131m\u0131, evde ge\u00e7irdi\u011finiz zaman\u0131 daha keyifli hale getirmek i\u00e7in \u00f6zenle tasarlanm\u0131\u015ft\u0131r.; K\u0131\u015f mevsimi i\u00e7in ideal olan bu pijama tak\u0131m\u0131, evde rahat bir g\u00fcn ge\u00e7irmek i\u00e7in m\u00fckemmel bir se\u00e7enektir.; Alt\u0131na rahat bir terlik veya ev ayakkab\u0131s\u0131 ile kombinleyebilirsiniz.; \u00dcst\u00fcn\u00fcze ise sade bir h\u0131rka veya sweatshirt ile tamamlayabilirsiniz.; Pantolon k\u0131sm\u0131n\u0131, d\u00fcz renk bir ti\u015f\u00f6rt ve spor ayakkab\u0131 ile g\u00fcndelik bir g\u00f6r\u00fcn\u00fcm i\u00e7in de kullanabilirsiniz.; \u00dcr\u00fcn\u00fcn uzun \u00f6m\u00fcrl\u00fc olmas\u0131 i\u00e7in d\u00fc\u015f\u00fck s\u0131cakl\u0131kta ve benzer renklerle y\u0131kanmas\u0131 tavsiye edilir.<\/p>\n","protected":false},"excerpt":{"rendered":"<p>Bu pijama tak\u0131m\u0131, %96 pamuk ve %4 elastan kar\u0131\u015f\u0131m\u0131ndan \u00fcretilmi\u015f \u00f6rme kuma\u015f\u0131yla hem yumu\u015fak bir dokunu\u015f hem de esnek bir kullan\u0131m sunar.; Regular kal\u0131b\u0131 sayesinde v\u00fccuda tam otururken hareket \u00f6zg\u00fcrl\u00fc\u011f\u00fcn\u00fc k\u0131s\u0131tlamaz.; \u00dcst k\u0131s\u0131mda yer alan bisiklet yaka ve standart kol detay\u0131, rahat bir kullan\u0131m sa\u011flarken, alt k\u0131s\u0131mda bulunan boru pa\u00e7a pantolon ise klasik bir g\u00f6r\u00fcn\u00fcm [&#8230;]\n","protected":false},"featured_media":87653,"comment_status":"open","ping_status":"closed","template":"","meta":[],"product_brand":[321],"product_cat":[763],"product_tag":[],"class_list":{"0":"post-87647","1":"product","2":"type-product","3":"status-publish","4":"has-post-thumbnail","6":"product_brand-benerly","7":"product_cat-pijama-takimi-ev-giyim-kadin-giyim","9":"first","10":"instock","11":"taxable","12":"shipping-taxable","13":"purchasable","14":"product-type-variable"},"_links":{"self":[{"href":"https:\/\/benerly.com.tr\/index.php?rest_route=\/wp\/v2\/product\/87647","targetHints":{"allow":["GET"]}}],"collection":[{"href":"https:\/\/benerly.com.tr\/index.php?rest_route=\/wp\/v2\/product"}],"about":[{"href":"https:\/\/benerly.com.tr\/index.php?rest_route=\/wp\/v2\/types\/product"}],"replies":[{"embeddable":true,"href":"https:\/\/benerly.com.tr\/index.php?rest_route=%2Fwp%2Fv2%2Fcomments&post=87647"}],"wp:featuredmedia":[{"embeddable":true,"href":"https:\/\/benerly.com.tr\/index.php?rest_route=\/wp\/v2\/media\/87653"}],"wp:attachment":[{"href":"https:\/\/benerly.com.tr\/index.php?rest_route=%2Fwp%2Fv2%2Fmedia&parent=87647"}],"wp:term":[{"taxonomy":"product_brand","embeddable":true,"href":"https:\/\/benerly.com.tr\/index.php?rest_route=%2Fwp%2Fv2%2Fproduct_brand&post=87647"},{"taxonomy":"product_cat","embeddable":true,"href":"https:\/\/benerly.com.tr\/index.php?rest_route=%2Fwp%2Fv2%2Fproduct_cat&post=87647"},{"taxonomy":"product_tag","embeddable":true,"href":"https:\/\/benerly.com.tr\/index.php?rest_route=%2Fwp%2Fv2%2Fproduct_tag&post=87647"}],"curies":[{"name":"wp","href":"https:\/\/api.w.org\/{rel}","templated":true}]}}