{"id":83890,"date":"2026-02-15T16:36:19","date_gmt":"2026-02-15T13:36:19","guid":{"rendered":"https:\/\/benerly.com.tr\/urun\/kadin-carmen-yaka-balon-kol-midi-elbise-fonksiyonel-dayanikli-spor\/"},"modified":"2026-02-26T16:36:43","modified_gmt":"2026-02-26T13:36:43","slug":"kadin-carmen-yaka-balon-kol-midi-elbise-fonksiyonel-dayanikli-spor","status":"publish","type":"product","link":"https:\/\/benerly.com.tr\/?product=kadin-carmen-yaka-balon-kol-midi-elbise-fonksiyonel-dayanikli-spor","title":{"rendered":"Kad\u0131n Carmen Yaka Balon Kol Midi Elbise Fonksiyonel Dayan\u0131kl\u0131 Spor"},"content":{"rendered":"<p>Bu midi elbise, %58 pamuk ve %42 polyester kar\u0131\u015f\u0131m\u0131 kuma\u015f\u0131 ile hem nefes alabilir hem de dayan\u0131kl\u0131d\u0131r.; A-kesim kal\u0131b\u0131, v\u00fccuda nazik\u00e7e oturan ve rahat bir hareket imkan\u0131 sunan bir siluet olu\u015fturur.; D\u00fcz deseni, zarif ve zamans\u0131z bir g\u00f6r\u00fcn\u00fcm sa\u011flarken, shally dokuma tipi kuma\u015fa ho\u015f bir doku katmaktad\u0131r.; Astars\u0131z yap\u0131s\u0131, \u00f6zellikle s\u0131cak havalarda serin bir kullan\u0131m sunar.; Bu elbise, g\u00fcnl\u00fck kullan\u0131m i\u00e7in idealdir ve feminen bir duru\u015f sergiler.; Elbisenin Carmen yaka detay\u0131, omuzlar\u0131 a\u00e7\u0131kta b\u0131rakarak \u00e7ekici bir g\u00f6r\u00fcn\u00fcm sunar.; Balon kol tasar\u0131m\u0131, hem modern hem de feminen bir hava katarken, k\u0131sa kol boyu yaz aylar\u0131 i\u00e7in pratiktir.; Elbisenin genel kesimi, rahatl\u0131\u011f\u0131 \u00f6n planda tutarak g\u00fcn boyu konfor sa\u011flar.; B\u00fczg\u00fcl\u00fc bel detay\u0131, bedeni vurgulayarak daha fit bir g\u00f6r\u00fcn\u00fcm elde edilmesine yard\u0131mc\u0131 olur.; Bu elbise, hem \u015f\u0131k hem de rahat bir se\u00e7enek arayanlar i\u00e7in m\u00fckemmel bir tercihtir.; Yaz mevsimi i\u00e7in ideal olan bu elbise, keten pantolonlar, denim etekler veya \u015fortlarla rahatl\u0131kla kombinlenebilir.; Ayakkab\u0131 olarak ise sandaletler, espadriller veya b veya babetler tercih edilebilir.; Elbisenin bak\u0131m\u0131 i\u00e7in, d\u00fc\u015f\u00fck s\u0131cakl\u0131kta ve hassas programda y\u0131kanmas\u0131 \u00f6nerilir.; A\u011fart\u0131c\u0131 kullan\u0131lmamal\u0131 ve d\u00fc\u015f\u00fck \u0131s\u0131da \u00fct\u00fclenmelidir.<\/p>\n","protected":false},"excerpt":{"rendered":"<p>Bu midi elbise, %58 pamuk ve %42 polyester kar\u0131\u015f\u0131m\u0131 kuma\u015f\u0131 ile hem nefes alabilir hem de dayan\u0131kl\u0131d\u0131r.; A-kesim kal\u0131b\u0131, v\u00fccuda nazik\u00e7e oturan ve rahat bir hareket imkan\u0131 sunan bir siluet olu\u015fturur.; D\u00fcz deseni, zarif ve zamans\u0131z bir g\u00f6r\u00fcn\u00fcm sa\u011flarken, shally dokuma tipi kuma\u015fa ho\u015f bir doku katmaktad\u0131r.; Astars\u0131z yap\u0131s\u0131, \u00f6zellikle s\u0131cak havalarda serin bir kullan\u0131m [&#8230;]\n","protected":false},"featured_media":83897,"comment_status":"open","ping_status":"closed","template":"","meta":[],"product_brand":[321],"product_cat":[753],"product_tag":[],"class_list":{"0":"post-83890","1":"product","2":"type-product","3":"status-publish","4":"has-post-thumbnail","6":"product_brand-benerly","7":"product_cat-elbise-kadin-giyim","9":"first","10":"instock","11":"sale","12":"taxable","13":"shipping-taxable","14":"purchasable","15":"product-type-variable"},"_links":{"self":[{"href":"https:\/\/benerly.com.tr\/index.php?rest_route=\/wp\/v2\/product\/83890","targetHints":{"allow":["GET"]}}],"collection":[{"href":"https:\/\/benerly.com.tr\/index.php?rest_route=\/wp\/v2\/product"}],"about":[{"href":"https:\/\/benerly.com.tr\/index.php?rest_route=\/wp\/v2\/types\/product"}],"replies":[{"embeddable":true,"href":"https:\/\/benerly.com.tr\/index.php?rest_route=%2Fwp%2Fv2%2Fcomments&post=83890"}],"wp:featuredmedia":[{"embeddable":true,"href":"https:\/\/benerly.com.tr\/index.php?rest_route=\/wp\/v2\/media\/83897"}],"wp:attachment":[{"href":"https:\/\/benerly.com.tr\/index.php?rest_route=%2Fwp%2Fv2%2Fmedia&parent=83890"}],"wp:term":[{"taxonomy":"product_brand","embeddable":true,"href":"https:\/\/benerly.com.tr\/index.php?rest_route=%2Fwp%2Fv2%2Fproduct_brand&post=83890"},{"taxonomy":"product_cat","embeddable":true,"href":"https:\/\/benerly.com.tr\/index.php?rest_route=%2Fwp%2Fv2%2Fproduct_cat&post=83890"},{"taxonomy":"product_tag","embeddable":true,"href":"https:\/\/benerly.com.tr\/index.php?rest_route=%2Fwp%2Fv2%2Fproduct_tag&post=83890"}],"curies":[{"name":"wp","href":"https:\/\/api.w.org\/{rel}","templated":true}]}}