{"id":120712,"date":"2026-02-16T03:17:15","date_gmt":"2026-02-16T00:17:15","guid":{"rendered":"https:\/\/benerly.com.tr\/?product=erkek-bisiklet-yaka-dusuk-kol-oversize-slogan-desenli-sweatshirt-fonksiyonel-dayanikli-sik"},"modified":"2026-02-26T18:10:57","modified_gmt":"2026-02-26T15:10:57","slug":"erkek-bisiklet-yaka-dusuk-kol-oversize-slogan-desenli-sweatshirt-fonksiyonel-dayanikli-sik","status":"publish","type":"product","link":"https:\/\/benerly.com.tr\/?product=erkek-bisiklet-yaka-dusuk-kol-oversize-slogan-desenli-sweatshirt-fonksiyonel-dayanikli-sik","title":{"rendered":"Erkek Bisiklet Yaka D\u00fc\u015f\u00fck Kol Oversize Slogan Desenli Sweatshirt Fonksiyonel Dayan\u0131kl\u0131 \u015e\u0131k"},"content":{"rendered":"<p>Bu erkek sweatshirt, rahat ve modern bir g\u00f6r\u00fcn\u00fcm sunan oversize kal\u0131b\u0131yla \u00f6ne \u00e7\u0131k\u0131yor.; Yumu\u015fak dokulu \u00f6rme kuma\u015f\u0131, %65 pamuk ve %35 polyester kar\u0131\u015f\u0131m\u0131yla hem konforlu hem de dayan\u0131kl\u0131 bir yap\u0131ya sahip.; Selanik dokuma tekni\u011fiyle \u00fcretilmi\u015f bu sweatshirt, \u00fczerinde yer alan slogan deseniyle dinamik bir stil kat\u0131yor.; Regular boyu ve basic silueti, onu g\u00fcnl\u00fck kullan\u0131m i\u00e7in ideal bir par\u00e7a haline getiriyor.; Smart persona ile uyumlu bu sweatshirt, her erke\u011fin gard\u0131robunda olmas\u0131 gereken temel par\u00e7alardan biri olarak tasarlanm\u0131\u015ft\u0131r.; \u00dcr\u00fcn\u00fcn bisiklet yaka detay\u0131 ve d\u00fc\u015f\u00fck kol kesimi, rahat bir kullan\u0131m sunarken ayn\u0131 zamanda modern bir estetik sa\u011fl\u0131yor.; Uzun kollu tasar\u0131m\u0131, so\u011fuk havalarda ekstra s\u0131cakl\u0131k sa\u011flarken, yumu\u015fak dokusu cildinize nazik\u00e7e temas eder.; Oversize kal\u0131b\u0131 sayesinde hareket \u00f6zg\u00fcrl\u00fc\u011f\u00fc sunan bu sweatshirt, g\u00fcn boyu konforlu bir deneyim ya\u015faman\u0131z\u0131 sa\u011flar.; Casual ve g\u00fcnl\u00fck ortamlarda rahatl\u0131kla tercih edilebilecek bu par\u00e7a, \u015f\u0131kl\u0131\u011f\u0131ndan \u00f6d\u00fcn vermek istemeyenler i\u00e7in m\u00fckemmel bir se\u00e7enektir.; K\u0131\u015f mevsimine uygun olarak tasarlanan bu sweatshirt, jean pantolonlar, kanvas \u015fortlar veya jogger e\u015fofman altlar\u0131yla m\u00fckemmel bir uyum yakalar.; Spor ayakkab\u0131lar veya botlarla kombinleyerek dinamik bir sokak stili olu\u015fturabilirsiniz.; \u00dcr\u00fcn\u00fcn bak\u0131m\u0131nda, kuma\u015f\u0131n \u00f6mr\u00fcn\u00fc uzatmak ve ilk g\u00fcnk\u00fc g\u00f6r\u00fcn\u00fcm\u00fcn\u00fc korumak i\u00e7in belirtilen y\u0131kama talimatlar\u0131na uyulmas\u0131 \u00f6nerilir.<\/p>\n","protected":false},"excerpt":{"rendered":"<p>Bu erkek sweatshirt, rahat ve modern bir g\u00f6r\u00fcn\u00fcm sunan oversize kal\u0131b\u0131yla \u00f6ne \u00e7\u0131k\u0131yor.; Yumu\u015fak dokulu \u00f6rme kuma\u015f\u0131, %65 pamuk ve %35 polyester kar\u0131\u015f\u0131m\u0131yla hem konforlu hem de dayan\u0131kl\u0131 bir yap\u0131ya sahip.; Selanik dokuma tekni\u011fiyle \u00fcretilmi\u015f bu sweatshirt, \u00fczerinde yer alan slogan deseniyle dinamik bir stil kat\u0131yor.; Regular boyu ve basic silueti, onu g\u00fcnl\u00fck kullan\u0131m i\u00e7in [&#8230;]\n","protected":false},"featured_media":120719,"comment_status":"open","ping_status":"closed","template":"","meta":[],"product_brand":[321],"product_cat":[771],"product_tag":[],"class_list":{"0":"post-120712","1":"product","2":"type-product","3":"status-publish","4":"has-post-thumbnail","6":"product_brand-benerly","7":"product_cat-sweatshirt-ust-giyim-erkek-giyim","9":"first","10":"instock","11":"taxable","12":"shipping-taxable","13":"purchasable","14":"product-type-variable"},"_links":{"self":[{"href":"https:\/\/benerly.com.tr\/index.php?rest_route=\/wp\/v2\/product\/120712","targetHints":{"allow":["GET"]}}],"collection":[{"href":"https:\/\/benerly.com.tr\/index.php?rest_route=\/wp\/v2\/product"}],"about":[{"href":"https:\/\/benerly.com.tr\/index.php?rest_route=\/wp\/v2\/types\/product"}],"replies":[{"embeddable":true,"href":"https:\/\/benerly.com.tr\/index.php?rest_route=%2Fwp%2Fv2%2Fcomments&post=120712"}],"wp:featuredmedia":[{"embeddable":true,"href":"https:\/\/benerly.com.tr\/index.php?rest_route=\/wp\/v2\/media\/120719"}],"wp:attachment":[{"href":"https:\/\/benerly.com.tr\/index.php?rest_route=%2Fwp%2Fv2%2Fmedia&parent=120712"}],"wp:term":[{"taxonomy":"product_brand","embeddable":true,"href":"https:\/\/benerly.com.tr\/index.php?rest_route=%2Fwp%2Fv2%2Fproduct_brand&post=120712"},{"taxonomy":"product_cat","embeddable":true,"href":"https:\/\/benerly.com.tr\/index.php?rest_route=%2Fwp%2Fv2%2Fproduct_cat&post=120712"},{"taxonomy":"product_tag","embeddable":true,"href":"https:\/\/benerly.com.tr\/index.php?rest_route=%2Fwp%2Fv2%2Fproduct_tag&post=120712"}],"curies":[{"name":"wp","href":"https:\/\/api.w.org\/{rel}","templated":true}]}}