{"id":118718,"date":"2026-02-16T02:45:19","date_gmt":"2026-02-15T23:45:19","guid":{"rendered":"https:\/\/benerly.com.tr\/?product=kadin-kapusonlu-reglan-kol-duz-desenli-su-itici-mont-fonksiyonel-dayanikli-kaliteli-modern"},"modified":"2026-02-27T03:34:19","modified_gmt":"2026-02-27T00:34:19","slug":"kadin-kapusonlu-reglan-kol-duz-desenli-su-itici-mont-fonksiyonel-dayanikli-kaliteli-modern","status":"publish","type":"product","link":"https:\/\/benerly.com.tr\/?product=kadin-kapusonlu-reglan-kol-duz-desenli-su-itici-mont-fonksiyonel-dayanikli-kaliteli-modern","title":{"rendered":"Kad\u0131n Kap\u00fc\u015fonlu Reglan Kol D\u00fcz Desenli Su \u0130tici Mont Fonksiyonel Dayan\u0131kl\u0131 Kaliteli Modern"},"content":{"rendered":"<p>Bu kad\u0131n montu, modern bir g\u00f6r\u00fcn\u00fcm sunan regular kal\u0131b\u0131 ile \u00f6ne \u00e7\u0131k\u0131yor.; %100 polyester materyalden \u00fcretilmi\u015f olup, dayan\u0131kl\u0131 ve konforlu bir kullan\u0131m vadediyor.; D\u00fcz deseni sayesinde her tarza kolayca uyum sa\u011flayan bu mont, g\u00fcnl\u00fck kullan\u0131m i\u00e7in ideal bir se\u00e7enek olarak kar\u015f\u0131m\u0131za \u00e7\u0131k\u0131yor.; Mikrofiber dokumas\u0131, hem \u015f\u0131k bir g\u00f6r\u00fcn\u00fcm kat\u0131yor hem de \u00fcr\u00fcn\u00fcn kalitesini art\u0131r\u0131yor.; Yo\u011fun elyaf dolgusu ile so\u011fuk havalarda s\u0131cak tutma \u00f6zelli\u011fi ta\u015f\u0131yan mont, astarl\u0131 yap\u0131s\u0131yla ekstra konfor sa\u011fl\u0131yor.; Montun kap\u00fc\u015fonlu yaka tasar\u0131m\u0131, ekstra koruma sunarken, reglan kol kesimi hareket \u00f6zg\u00fcrl\u00fc\u011f\u00fcn\u00fc maksimize ediyor.; Uzun kollu yap\u0131s\u0131 ve \u00e7\u0131t \u00e7\u0131t ile fermuar bir arada kullan\u0131lan kapama \u015fekli, hem pratik hem de g\u00fcvenli bir kullan\u0131m sunuyor.; \u00c7ift cepli tasar\u0131m\u0131, e\u015fyalar\u0131n\u0131z\u0131 g\u00fcvenle ta\u015f\u0131man\u0131za olanak tan\u0131rken, midi boyu ve basic sil\u00fceti ile zamans\u0131z bir par\u00e7a olma \u00f6zelli\u011fi ta\u015f\u0131yor.; Su itici \u00f6zelli\u011fi sayesinde hafif ya\u011fmurlu havalarda dahi sizi koruyarak konforunuzu \u00f6n planda tutuyor.; Cool ve rahat bir persona yans\u0131tan bu mont, bask\u0131s\u0131z tasar\u0131m\u0131 ile sadeli\u011fi ve \u015f\u0131kl\u0131\u011f\u0131 bir arada sunuyor.; K\u0131\u015f mevsimi i\u00e7in tasarlanm\u0131\u015f bu mont, jean pantolonlar, deri taytlar ve botlarla m\u00fckemmel bir uyum sergiliyor.; \u015e\u0131k bir g\u00f6r\u00fcn\u00fcm i\u00e7in midi eteklerle de kombinlenebilir.; \u00dcr\u00fcn\u00fcn bak\u0131m\u0131 i\u00e7in \u00f6zel talimatlara uyulmas\u0131 \u00f6nerilir.; Bu mont, hem fonksiyonelli\u011fi hem de estetik g\u00f6r\u00fcn\u00fcm\u00fc ile gard\u0131robunuzun vazge\u00e7ilmez bir par\u00e7as\u0131 olacak.<\/p>\n","protected":false},"excerpt":{"rendered":"<p>Bu kad\u0131n montu, modern bir g\u00f6r\u00fcn\u00fcm sunan regular kal\u0131b\u0131 ile \u00f6ne \u00e7\u0131k\u0131yor.; %100 polyester materyalden \u00fcretilmi\u015f olup, dayan\u0131kl\u0131 ve konforlu bir kullan\u0131m vadediyor.; D\u00fcz deseni sayesinde her tarza kolayca uyum sa\u011flayan bu mont, g\u00fcnl\u00fck kullan\u0131m i\u00e7in ideal bir se\u00e7enek olarak kar\u015f\u0131m\u0131za \u00e7\u0131k\u0131yor.; Mikrofiber dokumas\u0131, hem \u015f\u0131k bir g\u00f6r\u00fcn\u00fcm kat\u0131yor hem de \u00fcr\u00fcn\u00fcn kalitesini art\u0131r\u0131yor.; Yo\u011fun [&#8230;]\n","protected":false},"featured_media":118729,"comment_status":"open","ping_status":"closed","template":"","meta":[],"product_brand":[321],"product_cat":[752],"product_tag":[],"class_list":{"0":"post-118718","1":"product","2":"type-product","3":"status-publish","4":"has-post-thumbnail","6":"product_brand-benerly","7":"product_cat-mont-dis-giyim-kadin-giyim","9":"first","10":"instock","11":"taxable","12":"shipping-taxable","13":"purchasable","14":"product-type-variable"},"_links":{"self":[{"href":"https:\/\/benerly.com.tr\/index.php?rest_route=\/wp\/v2\/product\/118718","targetHints":{"allow":["GET"]}}],"collection":[{"href":"https:\/\/benerly.com.tr\/index.php?rest_route=\/wp\/v2\/product"}],"about":[{"href":"https:\/\/benerly.com.tr\/index.php?rest_route=\/wp\/v2\/types\/product"}],"replies":[{"embeddable":true,"href":"https:\/\/benerly.com.tr\/index.php?rest_route=%2Fwp%2Fv2%2Fcomments&post=118718"}],"wp:featuredmedia":[{"embeddable":true,"href":"https:\/\/benerly.com.tr\/index.php?rest_route=\/wp\/v2\/media\/118729"}],"wp:attachment":[{"href":"https:\/\/benerly.com.tr\/index.php?rest_route=%2Fwp%2Fv2%2Fmedia&parent=118718"}],"wp:term":[{"taxonomy":"product_brand","embeddable":true,"href":"https:\/\/benerly.com.tr\/index.php?rest_route=%2Fwp%2Fv2%2Fproduct_brand&post=118718"},{"taxonomy":"product_cat","embeddable":true,"href":"https:\/\/benerly.com.tr\/index.php?rest_route=%2Fwp%2Fv2%2Fproduct_cat&post=118718"},{"taxonomy":"product_tag","embeddable":true,"href":"https:\/\/benerly.com.tr\/index.php?rest_route=%2Fwp%2Fv2%2Fproduct_tag&post=118718"}],"curies":[{"name":"wp","href":"https:\/\/api.w.org\/{rel}","templated":true}]}}