{"id":103653,"date":"2026-02-15T21:29:30","date_gmt":"2026-02-15T18:29:30","guid":{"rendered":"https:\/\/benerly.com.tr\/urun\/kadin-crop-kesim-fermuarli-polo-yaka-uzun-kollu-fitilli-triko-hirka-gunluk-siklik-ve-sunan-tasarim\/"},"modified":"2026-02-27T03:26:33","modified_gmt":"2026-02-27T00:26:33","slug":"kadin-crop-kesim-fermuarli-polo-yaka-uzun-kollu-fitilli-triko-hirka-gunluk-siklik-ve-sunan-tasarim","status":"publish","type":"product","link":"https:\/\/benerly.com.tr\/?product=kadin-crop-kesim-fermuarli-polo-yaka-uzun-kollu-fitilli-triko-hirka-gunluk-siklik-ve-sunan-tasarim","title":{"rendered":"Kad\u0131n Crop Kesim Fermuarl\u0131 Polo Yaka Uzun Kollu Fitilli Triko H\u0131rka G\u00fcnl\u00fck \u015e\u0131kl\u0131k Ve Sunan Tasar\u0131m"},"content":{"rendered":"<p>Kad\u0131nlar \u0130\u00e7in Tasarlanm\u0131\u015f Bu \u015e\u0131k Crop Kesim Triko H\u0131rka G\u00fcnl\u00fck Kombinlerinize Modern Bir Dokunu\u015f Kat\u0131yor V\u00fccuda Oturan Kal\u0131b\u0131yla Sil\u00fcetinizi Zarif\u00e7e Vurgulayan Bu Par\u00e7a Hem Rahat Hem De Stil Sahibi Bir G\u00f6r\u00fcn\u00fcm Sunuyor Akrilik Materyalden \u00dcretilen H\u0131rka Yumu\u015fak Dokusuyla Cildinize Dost Bir Deneyim Sa\u011flar Fitilli Dokuma Detay\u0131 \u00dcr\u00fcne \u00d6zg\u00fcn Bir Hava Katarken D\u00fcz Deseni Sayesinde Farkl\u0131 Par\u00e7alarla Kolayca Uyum Sa\u011flar Bu H\u0131rka G\u00fcnl\u00fck Kullan\u0131m \u0130\u00e7in \u0130deal Olup Hem Evde Hem De D\u0131\u015far\u0131da Konforlu Bir Giyim Sunar Polo Yaka Detay\u0131 Bu H\u0131rkaya Klasik Ve Sportif Bir Hava Katarken Fermuarl\u0131 Yap\u0131s\u0131 Sayesinde Farkl\u0131 Tarzlarda Kullan\u0131m \u0130mkan\u0131 Sunar \u0130ster Tamamen Kapal\u0131 \u0130ster Hafif A\u00e7\u0131k B\u0131rakarak Farkl\u0131 G\u00f6r\u00fcn\u00fcmler Yaratabilirsiniz Standart Uzun Kollar\u0131 So\u011fuk Havalarda Ekstra S\u0131cakl\u0131k Sa\u011flarken Crop Kesimi Modern Ve Gen\u00e7 Bir Siluet Olu\u015fturur Bu Kesim Y\u00fcksek Bel Pantolonlar Veya Eteklerle Kombinlendi\u011finde Bacak Boyunu Uzun G\u00f6stererek \u015e\u0131k Bir Denge Olu\u015fturur Akrilik Materyalin Esnek Yap\u0131s\u0131 G\u00fcn Boyunca Hareket \u00d6zg\u00fcrl\u00fc\u011f\u00fc Sunarken Hafif Yap\u0131s\u0131 Sayesinde Katmanl\u0131 Giyim \u0130\u00e7in De Uygundur Bu H\u0131rka G\u00fcnl\u00fck Ko\u015fturmacan\u0131zda Size E\u015flik Ederken Ayn\u0131 Zamanda \u015e\u0131kl\u0131\u011f\u0131n\u0131zdan \u00d6d\u00fcn Vermemenizi Sa\u011flar Serin Ak\u015famlar Veya Klimal\u0131 Ortamlar \u0130\u00e7in \u0130deal Bir Se\u00e7im Olup \u00c7ok Y\u00f6nl\u00fc Kullan\u0131m Sunar K\u0131\u015f Sezonu \u0130\u00e7in Tasarlanan Bu H\u0131rka Ge\u00e7i\u015f Mevsimlerinde De Rahatl\u0131kla Kullan\u0131labilir \u015e\u0131k Bir G\u00f6r\u00fcn\u00fcm \u0130\u00e7in Y\u00fcksek Bel Jeanler Ve Beyaz Spor Ayakkab\u0131larla Kombinleyebilir Ofis \u015e\u0131kl\u0131\u011f\u0131 \u0130\u00e7in Kuma\u015f Pantolonlar Ve Topuklu Botlarla Tamamlayabilirsiniz Ak\u015fam Yemekleri \u0130\u00e7in Midi Etek Ve Zarif Ayakkab\u0131larla Farkl\u0131 Bir Hava Katabilirsiniz Uzun S\u00fcreli Kullan\u0131m \u0130\u00e7in Etiketindeki Bak\u0131m Talimatlar\u0131na Uygun \u015eekilde Temizlenmesi \u00d6nerilir<\/p>\n","protected":false},"excerpt":{"rendered":"<p>Kad\u0131nlar \u0130\u00e7in Tasarlanm\u0131\u015f Bu \u015e\u0131k Crop Kesim Triko H\u0131rka G\u00fcnl\u00fck Kombinlerinize Modern Bir Dokunu\u015f Kat\u0131yor V\u00fccuda Oturan Kal\u0131b\u0131yla Sil\u00fcetinizi Zarif\u00e7e Vurgulayan Bu Par\u00e7a Hem Rahat Hem De Stil Sahibi Bir G\u00f6r\u00fcn\u00fcm Sunuyor Akrilik Materyalden \u00dcretilen H\u0131rka Yumu\u015fak Dokusuyla Cildinize Dost Bir Deneyim Sa\u011flar Fitilli Dokuma Detay\u0131 \u00dcr\u00fcne \u00d6zg\u00fcn Bir Hava Katarken D\u00fcz Deseni Sayesinde Farkl\u0131 [&#8230;]\n","protected":false},"featured_media":103671,"comment_status":"open","ping_status":"closed","template":"","meta":[],"product_brand":[321],"product_cat":[759],"product_tag":[],"class_list":{"0":"post-103653","1":"product","2":"type-product","3":"status-publish","4":"has-post-thumbnail","6":"product_brand-benerly","7":"product_cat-hirka-ust-giyim-kadin-giyim","9":"first","10":"instock","11":"taxable","12":"shipping-taxable","13":"purchasable","14":"product-type-variable"},"_links":{"self":[{"href":"https:\/\/benerly.com.tr\/index.php?rest_route=\/wp\/v2\/product\/103653","targetHints":{"allow":["GET"]}}],"collection":[{"href":"https:\/\/benerly.com.tr\/index.php?rest_route=\/wp\/v2\/product"}],"about":[{"href":"https:\/\/benerly.com.tr\/index.php?rest_route=\/wp\/v2\/types\/product"}],"replies":[{"embeddable":true,"href":"https:\/\/benerly.com.tr\/index.php?rest_route=%2Fwp%2Fv2%2Fcomments&post=103653"}],"wp:featuredmedia":[{"embeddable":true,"href":"https:\/\/benerly.com.tr\/index.php?rest_route=\/wp\/v2\/media\/103671"}],"wp:attachment":[{"href":"https:\/\/benerly.com.tr\/index.php?rest_route=%2Fwp%2Fv2%2Fmedia&parent=103653"}],"wp:term":[{"taxonomy":"product_brand","embeddable":true,"href":"https:\/\/benerly.com.tr\/index.php?rest_route=%2Fwp%2Fv2%2Fproduct_brand&post=103653"},{"taxonomy":"product_cat","embeddable":true,"href":"https:\/\/benerly.com.tr\/index.php?rest_route=%2Fwp%2Fv2%2Fproduct_cat&post=103653"},{"taxonomy":"product_tag","embeddable":true,"href":"https:\/\/benerly.com.tr\/index.php?rest_route=%2Fwp%2Fv2%2Fproduct_tag&post=103653"}],"curies":[{"name":"wp","href":"https:\/\/api.w.org\/{rel}","templated":true}]}}