{"id":100990,"date":"2026-02-15T20:48:20","date_gmt":"2026-02-15T17:48:20","guid":{"rendered":"https:\/\/benerly.com.tr\/urun\/kadin-gardirobunun-vazgecilmezi-v-yaka-yumusak-dokulu-konforlu-triko-hirka-gunluk-siklik-sik\/"},"modified":"2026-02-26T17:23:54","modified_gmt":"2026-02-26T14:23:54","slug":"kadin-gardirobunun-vazgecilmezi-v-yaka-yumusak-dokulu-konforlu-triko-hirka-gunluk-siklik-sik","status":"publish","type":"product","link":"https:\/\/benerly.com.tr\/?product=kadin-gardirobunun-vazgecilmezi-v-yaka-yumusak-dokulu-konforlu-triko-hirka-gunluk-siklik-sik","title":{"rendered":"Kad\u0131n Gard\u0131robunun Vazge\u00e7ilmezi V Yaka Yumu\u015fak Dokulu Konforlu Triko H\u0131rka G\u00fcnl\u00fck \u015e\u0131kl\u0131k \u015e\u0131k"},"content":{"rendered":"<p>Bu kad\u0131n triko h\u0131rka modeli g\u00fcnl\u00fck \u015f\u0131kl\u0131\u011f\u0131n\u0131z\u0131 tamamlamak \u00fczere tasarland\u0131 regular kal\u0131b\u0131 sayesinde her v\u00fccut tipine uyum sa\u011flayarak rahat bir kullan\u0131m sunar d\u00fcz deseni ile zamans\u0131z bir par\u00e7a olup farkl\u0131 kombinlerinizde kolayca yerini al\u0131r \u00fcr\u00fcn 45% Polyester 37% Akrilik 11% Poliamid 4% Y\u00fcn 3% Elastan materyal bile\u015fimi ile \u00fcretilmi\u015ftir bu \u00f6zel kar\u0131\u015f\u0131m h\u0131rkaya yumu\u015fak bir dokunu\u015f kazand\u0131r\u0131rken ayn\u0131 zamanda dayan\u0131kl\u0131l\u0131\u011f\u0131n\u0131 art\u0131r\u0131r kuma\u015f\u0131n fitilli dokusu \u00fcr\u00fcne zarif bir g\u00f6r\u00fcn\u00fcm katarken triko yap\u0131s\u0131 so\u011fuk havalarda s\u0131cak tutma \u00f6zelli\u011fi sunar bu h\u0131rka hem \u015f\u0131k hem de konforlu bir deneyim vadeder Bu kad\u0131n h\u0131rka V yaka kesimi ile boynunuzu zarif\u00e7e vurgular ve farkl\u0131 i\u00e7 giyim se\u00e7enekleriyle uyum sa\u011flar standart kol tipi ve uzun kol boyu sayesinde so\u011fuk g\u00fcnlerde ekstra koruma sunar regular kesimi hareket \u00f6zg\u00fcrl\u00fc\u011f\u00fcn\u00fcz\u00fc k\u0131s\u0131tlamadan \u00fczerinize rahat\u00e7a oturur yumu\u015fak hissiyatl\u0131 dokusu cildinize nazik\u00e7e temas ederken orta kal\u0131nl\u0131ktaki yap\u0131s\u0131 sayesinde hem i\u00e7 mekanlarda hem de d\u0131\u015f mekanlarda rahatl\u0131kla kullan\u0131labilir g\u00fcnl\u00fck casual ortamlar i\u00e7in ideal olan bu h\u0131rka hafta sonu gezmelerinden arkada\u015f bulu\u015fmalar\u0131na kadar geni\u015f bir kullan\u0131m alan\u0131 sunar esnek yap\u0131s\u0131 g\u00fcn boyu konfor sa\u011flarken hafifli\u011fi sayesinde \u00fczerinizde a\u011f\u0131rl\u0131k yapmaz bu triko h\u0131rka modern kad\u0131n\u0131n dinamik ya\u015fam tarz\u0131na uyum sa\u011flayarak hem \u015f\u0131kl\u0131\u011f\u0131 hem de rahatl\u0131\u011f\u0131 bir araya getirir K\u0131\u015f mevsiminin so\u011fuk g\u00fcnlerinde sizi s\u0131cak tutacak bu triko h\u0131rka stilinizi tamamlar KOMB\u0130N \u00d6NER\u0130S\u0130 olarak y\u00fcksek bel bir denim pantolon veya kuma\u015f pantolon ile \u015f\u0131k bir g\u00f6r\u00fcn\u00fcm elde edebilirsiniz midi boy etekler ve topuklu botlar ile daha sofistike bir tarz yarat\u0131labilir spor ayakkab\u0131lar ile g\u00fcnl\u00fck rahat bir kombin de olu\u015fturabilirsiniz \u00fcr\u00fcn\u00fcn uzun \u00f6m\u00fcrl\u00fc kullan\u0131m\u0131 i\u00e7in etiketinde belirtilen bak\u0131m talimatlar\u0131na uyman\u0131z \u00f6nerilir<\/p>\n","protected":false},"excerpt":{"rendered":"<p>Bu kad\u0131n triko h\u0131rka modeli g\u00fcnl\u00fck \u015f\u0131kl\u0131\u011f\u0131n\u0131z\u0131 tamamlamak \u00fczere tasarland\u0131 regular kal\u0131b\u0131 sayesinde her v\u00fccut tipine uyum sa\u011flayarak rahat bir kullan\u0131m sunar d\u00fcz deseni ile zamans\u0131z bir par\u00e7a olup farkl\u0131 kombinlerinizde kolayca yerini al\u0131r \u00fcr\u00fcn 45% Polyester 37% Akrilik 11% Poliamid 4% Y\u00fcn 3% Elastan materyal bile\u015fimi ile \u00fcretilmi\u015ftir bu \u00f6zel kar\u0131\u015f\u0131m h\u0131rkaya yumu\u015fak bir [&#8230;]\n","protected":false},"featured_media":100997,"comment_status":"open","ping_status":"closed","template":"","meta":[],"product_brand":[321],"product_cat":[759],"product_tag":[],"class_list":{"0":"post-100990","1":"product","2":"type-product","3":"status-publish","4":"has-post-thumbnail","6":"product_brand-benerly","7":"product_cat-hirka-ust-giyim-kadin-giyim","9":"first","10":"instock","11":"taxable","12":"shipping-taxable","13":"purchasable","14":"product-type-variable"},"_links":{"self":[{"href":"https:\/\/benerly.com.tr\/index.php?rest_route=\/wp\/v2\/product\/100990","targetHints":{"allow":["GET"]}}],"collection":[{"href":"https:\/\/benerly.com.tr\/index.php?rest_route=\/wp\/v2\/product"}],"about":[{"href":"https:\/\/benerly.com.tr\/index.php?rest_route=\/wp\/v2\/types\/product"}],"replies":[{"embeddable":true,"href":"https:\/\/benerly.com.tr\/index.php?rest_route=%2Fwp%2Fv2%2Fcomments&post=100990"}],"wp:featuredmedia":[{"embeddable":true,"href":"https:\/\/benerly.com.tr\/index.php?rest_route=\/wp\/v2\/media\/100997"}],"wp:attachment":[{"href":"https:\/\/benerly.com.tr\/index.php?rest_route=%2Fwp%2Fv2%2Fmedia&parent=100990"}],"wp:term":[{"taxonomy":"product_brand","embeddable":true,"href":"https:\/\/benerly.com.tr\/index.php?rest_route=%2Fwp%2Fv2%2Fproduct_brand&post=100990"},{"taxonomy":"product_cat","embeddable":true,"href":"https:\/\/benerly.com.tr\/index.php?rest_route=%2Fwp%2Fv2%2Fproduct_cat&post=100990"},{"taxonomy":"product_tag","embeddable":true,"href":"https:\/\/benerly.com.tr\/index.php?rest_route=%2Fwp%2Fv2%2Fproduct_tag&post=100990"}],"curies":[{"name":"wp","href":"https:\/\/api.w.org\/{rel}","templated":true}]}}