{"id":79365,"date":"2026-01-26T16:17:03","date_gmt":"2026-01-26T13:17:03","guid":{"rendered":"https:\/\/benerly.com.tr\/?page_id=79365"},"modified":"2026-02-16T13:33:21","modified_gmt":"2026-02-16T10:33:21","slug":"kullanim-kosullari","status":"publish","type":"page","link":"https:\/\/benerly.com.tr\/?page_id=79365","title":{"rendered":"Kullan\u0131m Ko\u015fullar\u0131"},"content":{"rendered":"\n<div class=\"row\"  id=\"row-982407921\">\n\n\n\t<div id=\"col-68260391\" class=\"col medium-8 small-12 large-8\"  >\n\t\t\t\t<div class=\"col-inner\"  >\n\t\t\t\n\t\t\t\n\n<p>Web sitemizi veya mobil uygulamalar\u0131m\u0131z\u0131 kullanarak, a\u015fa\u011f\u0131daki Kullan\u0131m Ko\u015fullar\u0131 ve \u015fartlar\u0131na uymay\u0131 kabul etmi\u015f olursunuz. Bu ko\u015fullar, kullan\u0131m\u0131n\u0131z\u0131 d\u00fczenler ve web sitesi veya uygulamam\u0131z\u0131 kullan\u0131rken dikkate alman\u0131z gereken \u00f6nemli bilgiler i\u00e7erir.<\/p>\n<p>1. \u00dcyelik ve Hesap<br \/>\nWeb sitemiz veya uygulamam\u0131z\u0131 kullanmak i\u00e7in \u00fcyelik olu\u015fturman\u0131z gerekebilir. Hesap bilgilerinizin g\u00fcncel ve do\u011fru oldu\u011fundan emin olun.<br \/>\nHesab\u0131n\u0131z\u0131n g\u00fcvenli\u011finden siz sorumlusunuz ve hesab\u0131n\u0131z\u0131n yetkisiz eri\u015fimini \u00f6nlemek i\u00e7in gerekli \u00f6nlemleri almal\u0131s\u0131n\u0131z.<br \/>\nHesab\u0131n\u0131z\u0131 ba\u015fka bir ki\u015fiye devretmek veya payla\u015fmak yasakt\u0131r.<\/p>\n<p>2. \u0130\u00e7erik ve Telif Hakk\u0131<br \/>\nWeb sitemiz veya uygulamam\u0131zda bulunan t\u00fcm i\u00e7erikler (metin, g\u00f6rseller, videolar vb.) firmam\u0131za aittir veya izin al\u0131narak kullan\u0131lm\u0131\u015ft\u0131r.<br \/>\n\u0130\u00e7eriklerimizi izinsiz olarak kopyalamak, da\u011f\u0131tmak veya kullanmak yasakt\u0131r.<br \/>\n\u0130\u00e7eriklerimizi payla\u015fmadan \u00f6nce izin alman\u0131z gerekebilir.<\/p>\n<p>3. Sipari\u015fler ve \u00d6demeler<br \/>\nSipari\u015f verirken do\u011fru ve g\u00fcncel bilgileri sa\u011flad\u0131\u011f\u0131n\u0131zdan emin olun.<br \/>\n\u00d6deme i\u015flemleri g\u00fcvenli bir \u015fekilde i\u015flenir ancak g\u00fcvenli\u011finiz i\u00e7in kredi kart\u0131 veya \u00f6deme bilgilerinizi payla\u015f\u0131rken dikkatli olun.<br \/>\n\u00d6deme i\u015flemleri s\u0131ras\u0131nda sorun ya\u015farsan\u0131z, m\u00fc\u015fteri hizmetleri ekibimizle ileti\u015fime ge\u00e7in.<\/p>\n<p>4. \u0130ptal, \u0130ade ve De\u011fi\u015fim<br \/>\n\u0130ptal, iade ve de\u011fi\u015fim politikalar\u0131m\u0131z hakk\u0131nda daha fazla bilgi almak i\u00e7in [\u0130ptal &#038; \u0130ade &#038; De\u011fi\u015fim Politikas\u0131] sayfam\u0131z\u0131 ziyaret edin.<\/p>\n<p>5. Gizlilik ve G\u00fcvenlik<br \/>\nGizlilik politikam\u0131z\u0131 inceleyerek, ki\u015fisel bilgilerinizin nas\u0131l i\u015flendi\u011fi ve korundu\u011fu hakk\u0131nda daha fazla bilgi edinin.<\/p>\n<p>6. Sorumluluk Reddi<br \/>\nWeb sitemiz veya uygulamam\u0131zdaki i\u00e7eriklerin do\u011frulu\u011fu ve eksiksizli\u011fi konusunda garanti vermemekteyiz.<br \/>\nWeb sitemizi veya uygulamam\u0131z\u0131 kullanman\u0131z sonucunda ortaya \u00e7\u0131kan herhangi bir kay\u0131p veya zarardan firmam\u0131z sorumlu tutulamaz.<\/p>\n<p>7. De\u011fi\u015fiklikler ve G\u00fcncellemeler<br \/>\nKullan\u0131m ko\u015fullar\u0131m\u0131z\u0131 zaman zaman g\u00fcncelleyebiliriz. Bu nedenle, periyodik olarak bu sayfay\u0131 ziyaret ederek g\u00fcncellemeleri kontrol etmelisiniz.<\/p>\n<p>8. \u0130leti\u015fim<br \/>\nHerhangi bir soru, yorum veya geri bildirim i\u00e7in [M\u00fc\u015fteri Destek Hatt\u0131 \/ E-posta] ile bizimle ileti\u015fime ge\u00e7ebilirsiniz.<br \/>\nBu Kullan\u0131m Ko\u015fullar\u0131, &#8220;www.benerly.com.tr&#8221; web sitesi veya mobil uygulamas\u0131n\u0131 kullanarak sa\u011flad\u0131\u011f\u0131n\u0131z bilgilere uygulan\u0131r. Bu ko\u015fullar\u0131 kabul etmedi\u011finiz takdirde, web sitemizi veya uygulamam\u0131z\u0131 kullanmay\u0131 l\u00fctfen sonland\u0131r\u0131n.<\/p>\n\n\n\t\t<\/div>\n\t\t\t\t\t<\/div>\n\n\t\n\n\t<div id=\"col-328031341\" class=\"col medium-4 small-12 large-4\"  >\n\t\t<div class=\"is-sticky-column\"><div class=\"is-sticky-column__inner\">\t\t<div class=\"col-inner box-shadow-1\"  >\n\t\t\t\n\t\t\t\n\n\t<div class=\"ux-menu stack stack-col justify-start ux-menu--divider-solid\">\n\t\t\n\n\t<div class=\"ux-menu-link flex menu-item\">\n\t\t<a class=\"ux-menu-link__link flex\" href=\"https:\/\/benerly.com.tr\/hakkimizda-\" >\n\t\t\t\t\t\t<span class=\"ux-menu-link__text\">\n\t\t\t\tHakk\u0131m\u0131zda\t\t\t<\/span>\n\t\t<\/a>\n\t<\/div>\n\t\n\n\t<div class=\"ux-menu-link flex menu-item\">\n\t\t<a class=\"ux-menu-link__link flex\" href=\"https:\/\/benerly.com.tr\/sikca-sorulan-sorular\/\" >\n\t\t\t\t\t\t<span class=\"ux-menu-link__text\">\n\t\t\t\tS\u0131k\u00e7a Sorulan Sorular\t\t\t<\/span>\n\t\t<\/a>\n\t<\/div>\n\t\n\n\t<div class=\"ux-menu-link flex menu-item\">\n\t\t<a class=\"ux-menu-link__link flex\" href=\"https:\/\/benerly.com.tr\/kargo-teslimat\/\" >\n\t\t\t\t\t\t<span class=\"ux-menu-link__text\">\n\t\t\t\tKargo &amp; Teslimat\t\t\t<\/span>\n\t\t<\/a>\n\t<\/div>\n\t\n\n\t<div class=\"ux-menu-link flex menu-item\">\n\t\t<a class=\"ux-menu-link__link flex\" href=\"https:\/\/benerly.com.tr\/mesafeli-satis-sozlesmesi\/\" >\n\t\t\t\t\t\t<span class=\"ux-menu-link__text\">\n\t\t\t\tMesafeli Sat\u0131\u015f S\u00f6zle\u015fmesi\t\t\t<\/span>\n\t\t<\/a>\n\t<\/div>\n\t\n\n\t<div class=\"ux-menu-link flex menu-item\">\n\t\t<a class=\"ux-menu-link__link flex\" href=\"https:\/\/benerly.com.tr\/gizlilik-politikasi\/\" >\n\t\t\t\t\t\t<span class=\"ux-menu-link__text\">\n\t\t\t\tGizlilik Politikas\u0131\t\t\t<\/span>\n\t\t<\/a>\n\t<\/div>\n\t\n\n\t<div class=\"ux-menu-link flex menu-item\">\n\t\t<a class=\"ux-menu-link__link flex\" href=\"https:\/\/benerly.com.tr\/kullanim-kosullari\/\" >\n\t\t\t\t\t\t<span class=\"ux-menu-link__text\">\n\t\t\t\tKullan\u0131m Ko\u015fullar\u0131\t\t\t<\/span>\n\t\t<\/a>\n\t<\/div>\n\t\n\n\t<div class=\"ux-menu-link flex menu-item\">\n\t\t<a class=\"ux-menu-link__link flex\" href=\"https:\/\/benerly.com.tr\/iptal-iade-degisim\/\" >\n\t\t\t\t\t\t<span class=\"ux-menu-link__text\">\n\t\t\t\t\u0130ptal &amp; \u0130ade &amp; De\u011fi\u015fim\t\t\t<\/span>\n\t\t<\/a>\n\t<\/div>\n\t\n\n\t<div class=\"ux-menu-link flex menu-item\">\n\t\t<a class=\"ux-menu-link__link flex\" href=\"https:\/\/benerly.com.tr\/blog\" >\n\t\t\t\t\t\t<span class=\"ux-menu-link__text\">\n\t\t\t\tBlog\t\t\t<\/span>\n\t\t<\/a>\n\t<\/div>\n\t\n\n\t<div class=\"ux-menu-link flex menu-item\">\n\t\t<a class=\"ux-menu-link__link flex\" href=\"https:\/\/benerly.com.tr\/?page_id=79311\" >\n\t\t\t\t\t\t<span class=\"ux-menu-link__text\">\n\t\t\t\t\u0130leti\u015fim\t\t\t<\/span>\n\t\t<\/a>\n\t<\/div>\n\t\n\n\n\t<\/div>\n\t\n\n\t\t<\/div>\n\t\t<\/div><\/div>\t\t\n<style>\n#col-328031341 > .is-sticky-column > .is-sticky-column__inner > .col-inner {\n  padding: 10px 10px 10px 10px;\n}\n<\/style>\n\t<\/div>\n\n\t\n\n<\/div>\n\n","protected":false},"excerpt":{"rendered":"","protected":false},"author":1,"featured_media":0,"parent":0,"menu_order":0,"comment_status":"closed","ping_status":"closed","template":"","meta":{"footnotes":""},"class_list":["post-79365","page","type-page","status-publish","hentry"],"_links":{"self":[{"href":"https:\/\/benerly.com.tr\/index.php?rest_route=\/wp\/v2\/pages\/79365","targetHints":{"allow":["GET"]}}],"collection":[{"href":"https:\/\/benerly.com.tr\/index.php?rest_route=\/wp\/v2\/pages"}],"about":[{"href":"https:\/\/benerly.com.tr\/index.php?rest_route=\/wp\/v2\/types\/page"}],"author":[{"embeddable":true,"href":"https:\/\/benerly.com.tr\/index.php?rest_route=\/wp\/v2\/users\/1"}],"replies":[{"embeddable":true,"href":"https:\/\/benerly.com.tr\/index.php?rest_route=%2Fwp%2Fv2%2Fcomments&post=79365"}],"version-history":[{"count":3,"href":"https:\/\/benerly.com.tr\/index.php?rest_route=\/wp\/v2\/pages\/79365\/revisions"}],"predecessor-version":[{"id":122347,"href":"https:\/\/benerly.com.tr\/index.php?rest_route=\/wp\/v2\/pages\/79365\/revisions\/122347"}],"wp:attachment":[{"href":"https:\/\/benerly.com.tr\/index.php?rest_route=%2Fwp%2Fv2%2Fmedia&parent=79365"}],"curies":[{"name":"wp","href":"https:\/\/api.w.org\/{rel}","templated":true}]}}