{"id":79311,"date":"2026-01-26T14:26:10","date_gmt":"2026-01-26T11:26:10","guid":{"rendered":"https:\/\/benerly.com.tr\/?page_id=79311"},"modified":"2026-03-28T22:07:14","modified_gmt":"2026-03-28T19:07:14","slug":"iletisim","status":"publish","type":"page","link":"https:\/\/benerly.com.tr\/?page_id=79311","title":{"rendered":"\u0130leti\u015fim"},"content":{"rendered":"\n\n\n<div style=\"width:100%;max-width:900px;height:450px;\">\n  <iframe\n    width=\"100%\"\n    height=\"100%\"\n    style=\"border:0;\"\n    loading=\"lazy\"\n    referrerpolicy=\"no-referrer-when-downgrade\"\n    src=\"https:\/\/www.google.com\/maps?q=TEKKE%20MAH.ORHANGAZI%2F%20BURSA&#038;output=embed\">\n  <\/iframe>\n<\/div>\n\n<div class=\"row row-large\" style=\"max-width:1400px\" id=\"row-738862374\">\n\n\n\t<div id=\"col-485639768\" class=\"col small-12 large-12\"  >\n\t\t\t\t<div class=\"col-inner\" style=\"background-color:rgb(255, 255, 255);\" >\n\t\t\t\n\t\t\t\n\n<div class=\"row row-collapse row-full-width\"  id=\"row-1522435051\">\n\n\n\t<div id=\"col-781894927\" class=\"col medium-12 small-12 large-6\"  >\n\t\t\t\t<div class=\"col-inner box-shadow-2\"  data-parallax-fade=\"true\" data-parallax=\"1\">\n\t\t\t\n\t\t\t\n\n<h2><span style=\"font-size: 120%;\">\u0130leti\u015fim Bilgileri<\/span><\/h2>\n\t<div id=\"gap-2080987287\" class=\"gap-element clearfix\" style=\"display:block; height:auto;\">\n\t\t\n<style>\n#gap-2080987287 {\n  padding-top: 20px;\n}\n@media (min-width:550px) {\n  #gap-2080987287 {\n    padding-top: 20px;\n  }\n}\n@media (min-width:850px) {\n  #gap-2080987287 {\n    padding-top: 30px;\n  }\n}\n<\/style>\n\t<\/div>\n\t\n\n<div class=\"row\"  id=\"row-847749271\">\n\n\n\t<div id=\"col-1733164284\" class=\"col medium-9 small-12 large-9\"  >\n\t\t\t\t<div class=\"col-inner\"  >\n\t\t\t\n\t<div class=\"is-border\"\n\t\tstyle=\"border-width:0px 0px 2px 0px;margin:0px 0px 0px 0px;\">\n\t<\/div>\n\t\t\t\n\n\n\t\t<div class=\"icon-box featured-box icon-box-left text-left\"  >\n\t\t\t\t\t<div class=\"icon-box-img\" style=\"width: 39px\">\n\t\t\t\t<div class=\"icon\">\n\t\t\t\t\t<div class=\"icon-inner\" >\n\t\t\t\t\t\t<img loading=\"lazy\" decoding=\"async\" width=\"400\" height=\"400\" src=\"https:\/\/benerly.com.tr\/wp-content\/uploads\/2026\/01\/placeholder-400x400.png\" class=\"attachment-medium size-medium\" alt=\"\" srcset=\"https:\/\/benerly.com.tr\/wp-content\/uploads\/2026\/01\/placeholder-400x400.png 400w, https:\/\/benerly.com.tr\/wp-content\/uploads\/2026\/01\/placeholder-100x100.png 100w, https:\/\/benerly.com.tr\/wp-content\/uploads\/2026\/01\/placeholder-500x500.png 500w, https:\/\/benerly.com.tr\/wp-content\/uploads\/2026\/01\/placeholder-280x280.png 280w, https:\/\/benerly.com.tr\/wp-content\/uploads\/2026\/01\/placeholder.png 512w\" sizes=\"auto, (max-width: 400px) 100vw, 400px\" \/>\t\t\t\t\t<\/div>\n\t\t\t\t<\/div>\n\t\t\t<\/div>\n\t\t\t\t<div class=\"icon-box-text last-reset\">\n\t\t\t\t\t\t\t\t\t\n\n<h3>Ma\u011faza Adresi<\/h3>\n<p>TEKKE MAH. TOKI 2.ETAP SK. TOKI NO:11B<br \/>ORHANGAZI\/ BURSA<\/p>\n\n\t\t<\/div>\n\t<\/div>\n\t\n\t\n\n\t\t<\/div>\n\t\t\t\t\n<style>\n#col-1733164284 > .col-inner {\n  padding: 0px 0px 15px 0px;\n  margin: 0px 0px 0px 0px;\n}\n<\/style>\n\t<\/div>\n\n\t\n\n\t<div id=\"col-1594857622\" class=\"col medium-9 small-12 large-9\"  >\n\t\t\t\t<div class=\"col-inner\"  >\n\t\t\t\n\t<div class=\"is-border\"\n\t\tstyle=\"border-width:0px 0px 2px 0px;margin:0px 0px 0px 0px;\">\n\t<\/div>\n\t\t\t\n\n\n\t\t<div class=\"icon-box featured-box icon-box-left text-left\"  >\n\t\t\t\t\t<div class=\"icon-box-img\" style=\"width: 39px\">\n\t\t\t\t<div class=\"icon\">\n\t\t\t\t\t<div class=\"icon-inner\" >\n\t\t\t\t\t\t<img loading=\"lazy\" decoding=\"async\" width=\"400\" height=\"400\" src=\"https:\/\/benerly.com.tr\/wp-content\/uploads\/2026\/01\/clock-400x400.png\" class=\"attachment-medium size-medium\" alt=\"\" srcset=\"https:\/\/benerly.com.tr\/wp-content\/uploads\/2026\/01\/clock-400x400.png 400w, https:\/\/benerly.com.tr\/wp-content\/uploads\/2026\/01\/clock-100x100.png 100w, https:\/\/benerly.com.tr\/wp-content\/uploads\/2026\/01\/clock-500x500.png 500w, https:\/\/benerly.com.tr\/wp-content\/uploads\/2026\/01\/clock-280x280.png 280w, https:\/\/benerly.com.tr\/wp-content\/uploads\/2026\/01\/clock.png 512w\" sizes=\"auto, (max-width: 400px) 100vw, 400px\" \/>\t\t\t\t\t<\/div>\n\t\t\t\t<\/div>\n\t\t\t<\/div>\n\t\t\t\t<div class=\"icon-box-text last-reset\">\n\t\t\t\t\t\t\t\t\t\n\n<h3>\u00c7al\u0131\u015fma Saatleri<br \/>\n<\/h3>\n<p>Pazartesi &#8211; Cuma: 10:00 &#8211; 20:00<br \/>\nHafta Sonu: 12:00 &#8211; 16:00<\/p>\n\n\t\t<\/div>\n\t<\/div>\n\t\n\t\n\n\t\t<\/div>\n\t\t\t\t\n<style>\n#col-1594857622 > .col-inner {\n  padding: 0px 0px 15px 0px;\n  margin: 0px 0px 0px 0px;\n}\n<\/style>\n\t<\/div>\n\n\t\n\n\t<div id=\"col-1648246172\" class=\"col medium-9 small-12 large-9\"  >\n\t\t\t\t<div class=\"col-inner\"  >\n\t\t\t\n\t<div class=\"is-border\"\n\t\tstyle=\"border-width:0px 0px 2px 0px;margin:0px 0px 0px 0px;\">\n\t<\/div>\n\t\t\t\n\n\n\t\t<div class=\"icon-box featured-box icon-box-left text-left\"  >\n\t\t\t\t\t<div class=\"icon-box-img\" style=\"width: 39px\">\n\t\t\t\t<div class=\"icon\">\n\t\t\t\t\t<div class=\"icon-inner\" >\n\t\t\t\t\t\t<img loading=\"lazy\" decoding=\"async\" width=\"400\" height=\"400\" src=\"https:\/\/benerly.com.tr\/wp-content\/uploads\/2026\/01\/mail-400x400.png\" class=\"attachment-medium size-medium\" alt=\"\" srcset=\"https:\/\/benerly.com.tr\/wp-content\/uploads\/2026\/01\/mail-400x400.png 400w, https:\/\/benerly.com.tr\/wp-content\/uploads\/2026\/01\/mail-100x100.png 100w, https:\/\/benerly.com.tr\/wp-content\/uploads\/2026\/01\/mail-500x500.png 500w, https:\/\/benerly.com.tr\/wp-content\/uploads\/2026\/01\/mail-280x280.png 280w, https:\/\/benerly.com.tr\/wp-content\/uploads\/2026\/01\/mail.png 512w\" sizes=\"auto, (max-width: 400px) 100vw, 400px\" \/>\t\t\t\t\t<\/div>\n\t\t\t\t<\/div>\n\t\t\t<\/div>\n\t\t\t\t<div class=\"icon-box-text last-reset\">\n\t\t\t\t\t\t\t\t\t\n\n<h3>E-Posta<\/h3>\n<p>info@benerly.com.tr<\/p>\n\n\t\t<\/div>\n\t<\/div>\n\t\n\t\n\n\t\t<\/div>\n\t\t\t\t\n<style>\n#col-1648246172 > .col-inner {\n  padding: 0px 0px 15px 0px;\n  margin: 0px 0px 0px 0px;\n}\n<\/style>\n\t<\/div>\n\n\t\n\n\t<div id=\"col-2137768914\" class=\"col medium-9 small-12 large-9\"  >\n\t\t\t\t<div class=\"col-inner\"  >\n\t\t\t\n\t<div class=\"is-border\"\n\t\tstyle=\"border-width:0px 0px 0px 0px;margin:0px 0px 0px 0px;\">\n\t<\/div>\n\t\t\t\n\n\n\t\t<div class=\"icon-box featured-box icon-box-left text-left\"  >\n\t\t\t\t\t<div class=\"icon-box-img\" style=\"width: 39px\">\n\t\t\t\t<div class=\"icon\">\n\t\t\t\t\t<div class=\"icon-inner\" >\n\t\t\t\t\t\t<img loading=\"lazy\" decoding=\"async\" width=\"400\" height=\"400\" src=\"https:\/\/benerly.com.tr\/wp-content\/uploads\/2026\/01\/whatsapp-400x400.png\" class=\"attachment-medium size-medium\" alt=\"\" srcset=\"https:\/\/benerly.com.tr\/wp-content\/uploads\/2026\/01\/whatsapp-400x400.png 400w, https:\/\/benerly.com.tr\/wp-content\/uploads\/2026\/01\/whatsapp-100x100.png 100w, https:\/\/benerly.com.tr\/wp-content\/uploads\/2026\/01\/whatsapp-500x500.png 500w, https:\/\/benerly.com.tr\/wp-content\/uploads\/2026\/01\/whatsapp-280x280.png 280w, https:\/\/benerly.com.tr\/wp-content\/uploads\/2026\/01\/whatsapp.png 512w\" sizes=\"auto, (max-width: 400px) 100vw, 400px\" \/>\t\t\t\t\t<\/div>\n\t\t\t\t<\/div>\n\t\t\t<\/div>\n\t\t\t\t<div class=\"icon-box-text last-reset\">\n\t\t\t\t\t\t\t\t\t\n\n<h3>Whatsapp<\/h3>\n<p>+905363708317<\/p>\n\n\n\t\t<\/div>\n\t<\/div>\n\t\n\t\n\n\t\t<\/div>\n\t\t\t\t\n<style>\n#col-2137768914 > .col-inner {\n  padding: 0px 0px 15px 0px;\n  margin: 0px 0px 0px 0px;\n}\n<\/style>\n\t<\/div>\n\n\t\n\n<\/div>\n\n\t\t<\/div>\n\t\t\t\t\n<style>\n#col-781894927 > .col-inner {\n  padding: 0px 0px 0px 20px;\n}\n<\/style>\n\t<\/div>\n\n\t\n\n\t<div id=\"col-693619744\" class=\"col medium-12 small-12 large-6\"  >\n\t\t\t\t<div class=\"col-inner\" style=\"background-color:rgb(241, 241, 244);\" >\n\t\t\t\n\t\t\t\n\n<h2><span style=\"font-size: 120%;\">Bize Ula\u015f\u0131n<\/span><\/h2>\n\t<div id=\"gap-2060747341\" class=\"gap-element clearfix\" style=\"display:block; height:auto;\">\n\t\t\n<style>\n#gap-2060747341 {\n  padding-top: 20px;\n}\n@media (min-width:550px) {\n  #gap-2060747341 {\n    padding-top: 20px;\n  }\n}\n@media (min-width:850px) {\n  #gap-2060747341 {\n    padding-top: 30px;\n  }\n}\n<\/style>\n\t<\/div>\n\t\n\n\n<div class=\"wpcf7 no-js\" id=\"wpcf7-f28-o1\" lang=\"tr-TR\" dir=\"ltr\" data-wpcf7-id=\"28\">\n<div class=\"screen-reader-response\"><p role=\"status\" aria-live=\"polite\" aria-atomic=\"true\"><\/p> <ul><\/ul><\/div>\n<form action=\"\/index.php?rest_route=%2Fwp%2Fv2%2Fpages%2F79311#wpcf7-f28-o1\" method=\"post\" class=\"wpcf7-form init\" aria-label=\"\u0130leti\u015fim Formu\" novalidate=\"novalidate\" data-status=\"init\">\n<fieldset class=\"hidden-fields-container\"><input type=\"hidden\" name=\"_wpcf7\" value=\"28\" \/><input type=\"hidden\" name=\"_wpcf7_version\" value=\"6.1.5\" \/><input type=\"hidden\" name=\"_wpcf7_locale\" value=\"tr_TR\" \/><input type=\"hidden\" name=\"_wpcf7_unit_tag\" value=\"wpcf7-f28-o1\" \/><input type=\"hidden\" name=\"_wpcf7_container_post\" value=\"0\" \/><input type=\"hidden\" name=\"_wpcf7_posted_data_hash\" value=\"\" \/>\n<\/fieldset>\n<p><label> Your name<br \/>\n<span class=\"wpcf7-form-control-wrap\" data-name=\"your-name\"><input size=\"40\" maxlength=\"400\" class=\"wpcf7-form-control wpcf7-text wpcf7-validates-as-required\" autocomplete=\"name\" aria-required=\"true\" aria-invalid=\"false\" value=\"\" type=\"text\" name=\"your-name\" \/><\/span> <\/label>\n<\/p>\n<p><label> Your email<br \/>\n<span class=\"wpcf7-form-control-wrap\" data-name=\"your-email\"><input size=\"40\" maxlength=\"400\" class=\"wpcf7-form-control wpcf7-email wpcf7-validates-as-required wpcf7-text wpcf7-validates-as-email\" autocomplete=\"email\" aria-required=\"true\" aria-invalid=\"false\" value=\"\" type=\"email\" name=\"your-email\" \/><\/span> <\/label>\n<\/p>\n<p><label> Subject<br \/>\n<span class=\"wpcf7-form-control-wrap\" data-name=\"your-subject\"><input size=\"40\" maxlength=\"400\" class=\"wpcf7-form-control wpcf7-text wpcf7-validates-as-required\" aria-required=\"true\" aria-invalid=\"false\" value=\"\" type=\"text\" name=\"your-subject\" \/><\/span> <\/label>\n<\/p>\n<p><label> Your message (optional)<br \/>\n<span class=\"wpcf7-form-control-wrap\" data-name=\"your-message\"><textarea cols=\"40\" rows=\"10\" maxlength=\"2000\" class=\"wpcf7-form-control wpcf7-textarea\" aria-invalid=\"false\" name=\"your-message\"><\/textarea><\/span> <\/label>\n<\/p>\n<p><input class=\"wpcf7-form-control wpcf7-submit has-spinner\" type=\"submit\" value=\"Submit\" \/>\n<\/p><div class=\"wpcf7-response-output\" aria-hidden=\"true\"><\/div>\n<\/form>\n<\/div>\n\n\n\t\t<\/div>\n\t\t\t\t\t<\/div>\n\n\t\n\n\n<style>\n#row-1522435051 > .col > .col-inner {\n  padding: 30px 15px 0px 15px;\n}\n<\/style>\n<\/div>\n\n\t\t<\/div>\n\t\t\t\t\n<style>\n#col-485639768 > .col-inner {\n  padding: 50px 20px 0px 20px;\n  margin: -0 0px 0px 0px;\n}\n@media (min-width:550px) {\n  #col-485639768 > .col-inner {\n    padding: 50px 20px 30px 20px;\n    margin: 0 0px 0px 0px;\n  }\n}\n@media (min-width:850px) {\n  #col-485639768 > .col-inner {\n    padding: 0px 0px 0px 0px;\n    margin: 0px 0px 0px 0px;\n  }\n}\n<\/style>\n\t<\/div>\n\n\t\n\n\n<style>\n#row-738862374 > .col > .col-inner {\n  padding: 0px 0px 0px 0px;\n}\n<\/style>\n<\/div>\n\n","protected":false},"excerpt":{"rendered":"","protected":false},"author":1,"featured_media":0,"parent":0,"menu_order":0,"comment_status":"closed","ping_status":"closed","template":"","meta":{"footnotes":""},"class_list":["post-79311","page","type-page","status-publish","hentry"],"_links":{"self":[{"href":"https:\/\/benerly.com.tr\/index.php?rest_route=\/wp\/v2\/pages\/79311","targetHints":{"allow":["GET"]}}],"collection":[{"href":"https:\/\/benerly.com.tr\/index.php?rest_route=\/wp\/v2\/pages"}],"about":[{"href":"https:\/\/benerly.com.tr\/index.php?rest_route=\/wp\/v2\/types\/page"}],"author":[{"embeddable":true,"href":"https:\/\/benerly.com.tr\/index.php?rest_route=\/wp\/v2\/users\/1"}],"replies":[{"embeddable":true,"href":"https:\/\/benerly.com.tr\/index.php?rest_route=%2Fwp%2Fv2%2Fcomments&post=79311"}],"version-history":[{"count":3,"href":"https:\/\/benerly.com.tr\/index.php?rest_route=\/wp\/v2\/pages\/79311\/revisions"}],"predecessor-version":[{"id":122864,"href":"https:\/\/benerly.com.tr\/index.php?rest_route=\/wp\/v2\/pages\/79311\/revisions\/122864"}],"wp:attachment":[{"href":"https:\/\/benerly.com.tr\/index.php?rest_route=%2Fwp%2Fv2%2Fmedia&parent=79311"}],"curies":[{"name":"wp","href":"https:\/\/api.w.org\/{rel}","templated":true}]}}